{"id":91,"date":"2020-06-03T11:38:57","date_gmt":"2020-06-03T09:38:57","guid":{"rendered":"http:\/\/collectif-impulsion.fr\/?page_id=91"},"modified":"2024-06-21T14:56:17","modified_gmt":"2024-06-21T12:56:17","slug":"accueil","status":"publish","type":"page","link":"https:\/\/collectif-impulsion.fr\/index.php\/accueil\/","title":{"rendered":"Impulsion, c&rsquo;est l&rsquo;\u00e9tincelle &#8230;"},"content":{"rendered":"\n<p class=\"has-drop-cap\">L\u2019impulsion, c\u2019est l\u2019\u00e9tincelle d\u2019o\u00f9 surgit l\u2019\u00e9lan cr\u00e9atif, la graine qui se d\u00e9veloppe en plante puis donne \u00e0 voir ses fleurs. C\u2019est encore l\u2019action, et se lancer sans filet\u2026 Mais l\u2019impulsion compte \u00e9galement avec les pulsions, et leur c\u00f4t\u00e9 terrien, organique\u2026<\/p>\n\n\n\n<p>IMPULSION f\u00e9d\u00e8re un collectif d\u2019artistes, essonniens, franciliens, ou de plus loin.&nbsp; Son projet est de donner \u00e0 voir et entendre les musiques de cr\u00e9ation d\u2019aujourd\u2019hui, modernes, inventives, &nbsp;et avant tout sensibles et parlantes. Somme toute, celles qui sont le fruit de beaux m\u00e9langes : instruments et \u00e9lectronique, musique et danse, et d\u2019autres, faisant la part belle au son, \u00e0 la sensation sonore, prise dans&nbsp; une globalit\u00e9.<\/p>\n\n\n\n<div class=\"wp-block-group is-vertical is-layout-flex wp-container-core-group-is-layout-1 wp-block-group-is-layout-flex\">\n<figure class=\"wp-block-image size-full is-resized\"><img loading=\"lazy\" decoding=\"async\" width=\"2560\" height=\"1273\" src=\"https:\/\/collectif-impulsion.fr\/wp-content\/uploads\/2020\/06\/IMG_2977-scaled.jpg\" alt=\"\" class=\"wp-image-499\" style=\"width:920px;height:auto\" srcset=\"https:\/\/collectif-impulsion.fr\/wp-content\/uploads\/2020\/06\/IMG_2977-scaled.jpg 2560w, https:\/\/collectif-impulsion.fr\/wp-content\/uploads\/2020\/06\/IMG_2977-300x149.jpg 300w, https:\/\/collectif-impulsion.fr\/wp-content\/uploads\/2020\/06\/IMG_2977-1024x509.jpg 1024w, https:\/\/collectif-impulsion.fr\/wp-content\/uploads\/2020\/06\/IMG_2977-768x382.jpg 768w, https:\/\/collectif-impulsion.fr\/wp-content\/uploads\/2020\/06\/IMG_2977-1536x764.jpg 1536w, https:\/\/collectif-impulsion.fr\/wp-content\/uploads\/2020\/06\/IMG_2977-2048x1019.jpg 2048w\" sizes=\"(max-width: 2560px) 100vw, 2560px\" \/><\/figure>\n<\/div>\n\n\n\n<ul class=\"wp-block-social-links alignright is-layout-flex wp-block-social-links-is-layout-flex\"><\/ul>\n\n\n\n<div class=\"wp-block-group alignfull\"><div class=\"wp-block-group__inner-container is-layout-flow wp-block-group-is-layout-flow\"><\/div><\/div>\n\n\n\n<p><\/p>\n","protected":false},"excerpt":{"rendered":"<p>L\u2019impulsion, c\u2019est l\u2019\u00e9tincelle d\u2019o\u00f9 surgit l\u2019\u00e9lan cr\u00e9atif, la graine qui se d\u00e9veloppe en plante puis donne \u00e0 voir ses fleurs. C\u2019est encore l\u2019action, et se lancer sans filet\u2026 Mais l\u2019impulsion compte \u00e9galement avec les pulsions, et leur c\u00f4t\u00e9 terrien, organique\u2026 IMPULSION f\u00e9d\u00e8re un collectif d\u2019artistes, essonniens, franciliens, ou de plus&hellip; <a class=\"read-more-link\" href=\"https:\/\/collectif-impulsion.fr\/index.php\/accueil\/\">Lire la suite<\/a><\/p>\n","protected":false},"author":2,"featured_media":687,"parent":0,"menu_order":0,"comment_status":"closed","ping_status":"closed","template":"","meta":{"_EventAllDay":false,"_EventTimezone":"","_EventStartDate":"","_EventEndDate":"","_EventStartDateUTC":"","_EventEndDateUTC":"","_EventShowMap":false,"_EventShowMapLink":false,"_EventURL":"","_EventCost":"","_EventCostDescription":"","_EventCurrencySymbol":"","_EventCurrencyCode":"","_EventCurrencyPosition":"","_EventDateTimeSeparator":"","_EventTimeRangeSeparator":"","_EventOrganizerID":[],"_EventVenueID":[],"_OrganizerEmail":"","_OrganizerPhone":"","_OrganizerWebsite":"","_VenueAddress":"","_VenueCity":"","_VenueCountry":"","_VenueProvince":"","_VenueState":"","_VenueZip":"","_VenuePhone":"","_VenueURL":"","_VenueStateProvince":"","_VenueLat":"","_VenueLng":"","_VenueShowMap":false,"_VenueShowMapLink":false,"footnotes":""},"_links":{"self":[{"href":"https:\/\/collectif-impulsion.fr\/index.php\/wp-json\/wp\/v2\/pages\/91"}],"collection":[{"href":"https:\/\/collectif-impulsion.fr\/index.php\/wp-json\/wp\/v2\/pages"}],"about":[{"href":"https:\/\/collectif-impulsion.fr\/index.php\/wp-json\/wp\/v2\/types\/page"}],"author":[{"embeddable":true,"href":"https:\/\/collectif-impulsion.fr\/index.php\/wp-json\/wp\/v2\/users\/2"}],"replies":[{"embeddable":true,"href":"https:\/\/collectif-impulsion.fr\/index.php\/wp-json\/wp\/v2\/comments?post=91"}],"version-history":[{"count":49,"href":"https:\/\/collectif-impulsion.fr\/index.php\/wp-json\/wp\/v2\/pages\/91\/revisions"}],"predecessor-version":[{"id":1632,"href":"https:\/\/collectif-impulsion.fr\/index.php\/wp-json\/wp\/v2\/pages\/91\/revisions\/1632"}],"wp:featuredmedia":[{"embeddable":true,"href":"https:\/\/collectif-impulsion.fr\/index.php\/wp-json\/wp\/v2\/media\/687"}],"wp:attachment":[{"href":"https:\/\/collectif-impulsion.fr\/index.php\/wp-json\/wp\/v2\/media?parent=91"}],"curies":[{"name":"wp","href":"https:\/\/api.w.org\/{rel}","templated":true}]}}